e greatest common factor of 65 and 656435.
65
What is the greatest common divisor of 9548 and 30272?
44
Calculate the greatest common divisor of 68 and 177956.
68
What is the greatest common divisor of 319415 and 386?
193
What is the greatest common factor of 28 and 14028?
28
What is the highest common factor of 500 and 25450?
50
Calculate the highest common divisor of 1612 and 182404.
124
Calculate the greatest common factor of 117 and 162201.
39
Calculate the greatest common factor of 30 and 66210.
30
Calculate the highest common factor of 549208 and 8.
8
Calculate the highest common factor of 2010 and 6150.
30
What is the highest common divisor of 3310 and 117174?
662
Calculate the greatest common factor of 97902 and 259.
259
Calculate the highest common divisor of 31509 and 234.
9
Calculate the greatest common factor of 13091 and 116441.
689
What is the greatest common divisor of 28762 and 591?
197
What is the greatest common factor of 94081 and 13?
13
What is the greatest common divisor of 174750 and 375?
375
Calculate the greatest common factor of 2211 and 3696.
33
What is the greatest common factor of 50 and 11485675?
25
What is the highest common divisor of 1610 and 348680?
230
Calculate the highest common divisor of 434 and 2302587.
217
What is the greatest common factor of 3530 and 270?
10
Calculate the greatest common divisor of 14634 and 1998.
54
Calculate the highest common factor of 36 and 67044.
12
Calculate the highest common divisor of 1218 and 2520.
42
What is the highest common divisor of 63841 and 8?
1
What is the highest common divisor of 146 and 10366?
146
Calculate the greatest common divisor of 6908 and 3212.
44
What is the highest common divisor of 1 and 3307?
1
Calculate the greatest common factor of 8025 and 3531.
321
Calculate the highest common divisor of 340043 and 1881.
209
What is the greatest common divisor of 594 and 128458?
22
Calculate the highest common divisor of 84 and 24458.
14
What is the greatest common divisor of 193 and 80481?
193
What is the highest common divisor of 221658 and 1?
1
What is the highest common factor of 688895 and 725?
145
What is the greatest common divisor of 3128 and 28612?
92
Calculate the greatest common factor of 68 and 113084.
68
What is the highest common factor of 2740970 and 134?
134
What is the greatest common divisor of 6906 and 216?
6
Calculate the highest common factor of 21 and 70287.
21
What is the greatest common factor of 606 and 970206?
606
Calculate the greatest common factor of 325 and 5265.
65
What is the greatest common divisor of 22165 and 4836?
403
What is the highest common divisor of 1696 and 248888?
424
What is the highest common divisor of 40350 and 300?
150
Calculate the greatest common divisor of 88047 and 162.
81
Calculate the highest common divisor of 480 and 45920.
160
What is the highest common factor of 1077 and 99802?
359
Calculate the highest common factor of 1500 and 126480.
60
What is the greatest common factor of 5 and 50523?
1
Calculate the greatest common factor of 99813 and 2037.
2037
What is the greatest common divisor of 266 and 71155?
133
What is the highest common factor of 21699 and 15?
3
What is the greatest common factor of 186 and 642?
6
Calculate the greatest common factor of 8 and 13016.
8
What is the highest common factor of 780 and 107835?
195
What is the highest common divisor of 1197 and 3401?
19
Calculate the highest common factor of 1820 and 104260.
260
What is the greatest common factor of 155 and 514817?
31
Calculate the greatest common divisor of 183310 and 230.
230
What is the greatest common divisor of 968 and 375584?
968
What is the highest common factor of 84 and 24612?
84
Calculate the highest common factor of 14 and 14777.
7
Calculate the highest common divisor of 25762 and 242.
22
Calculate the greatest common divisor of 7515 and 405.
45
What is the greatest common divisor of 11187 and 209?
11
What is the highest common divisor of 243 and 125712?
81
Calculate the highest common divisor of 126594 and 26.
26
Calculate the highest common divisor of 28613 and 247.
13
Calculate the highest common divisor of 434413 and 5691.
1897
What is the highest common divisor of 371 and 861?
7
What is the greatest common factor of 7120 and 80?
80
What is the greatest common divisor of 3720 and 9432?
24
Calculate the greatest common divisor of 10633 and 53851.
343
What is the highest common divisor of 1559217 and 74?
37
Calculate the greatest common divisor of 156831 and 3.
3
Calculate the greatest common factor of 9529 and 4043.
13
What is the greatest common factor of 1268 and 1241689?
317
Calculate the greatest common divisor of 60242 and 182.
182
Calculate the highest common factor of 738 and 7356.
6
Calculate the greatest common factor of 144 and 346536.
72
What is the greatest common divisor of 202960 and 760?
40
What is the greatest common factor of 1735 and 51703?
347
What is the highest common divisor of 3211 and 3268?
19
Calculate the highest common factor of 64042 and 229614.
1562
Calculate the highest common factor of 696276 and 162.
162
What is the highest common divisor of 560131 and 429?
143
Calculate the highest common divisor of 150 and 3617925.
75
Calculate the greatest common factor of 3285 and 945.
45
Calculate the greatest common factor of 58504 and 13064.
568
What is the highest common factor of 31005 and 975?
195
What is the greatest common factor of 287984 and 439?
439
What is the highest common divisor of 114360 and 960?
120
Calculate the highest common divisor of 67603 and 285547.
1009
What is the highest common divisor of 2420 and 2997170?
1210
What is the highest common divisor of 1125 and 1097640?
45
What is the highest common factor of 883861 and 1463?
209
Calculate the highest common divisor of 3556 and 112.
28
What is the highest common factor of 788 and 12?
4
What is the greatest common factor of 518592 and 7992?
888
What is the greatest common factor of 242 and 21659?
121
What is the greatest common divisor of 78911 and 7?
7
Calculate the greatest common factor of 3418596 and 72.
36
What is the highest common divisor of 225 and 666675?
225
Calculate the highest common factor of 7905 and 187.
17
What is the highest common divisor of 695959 and 1359?
151
Calculate the greatest common divisor of 33975 and 1661.
151
What is the greatest common divisor of 24875 and 36625?
125
What is the highest common factor of 64845 and 1125?
45
What is the highest common divisor of 25 and 12563?
1
What is the highest common factor of 9806888 and 14?
14
Calculate the highest common factor of 262 and 931279.
131
Calculate the greatest common divisor of 6830 and 8570.
10
Calculate the highest common divisor of 15029 and 109949.
791
What is the greatest common factor of 12 and 2396?
4
Calculate the highest common divisor of 49680 and 162.
54
Calculate the greatest common divisor of 1273 and 3551.
67
What is the highest common divisor of 17446 and 8437?
143
What is the greatest common divisor of 20193 and 795?
159
What is the highest common factor of 8284 and 76?
76
What is the highest common factor of 3675 and 42425?
25
What is the highest common divisor of 177 and 33807?
177
Calculate the highest common divisor of 2567 and 41525.
151
Calculate the highest common factor of 60993 and 4769.
251
What is the highest common factor of 94 and 26?
2
Calculate the highest common divisor of 23 and 1643534.
23
What is the greatest common factor of 67662 and 4654?
358
What is the highest common divisor of 631849 and 37?
37
Calculate the greatest common factor of 74013 and 12.
3
What is the greatest common factor of 1050 and 1046850?
1050
What is the highest common divisor of 438 and 4741131?
219
Calculate the greatest common divisor of 154 and 62902.
14
What is the highest common divisor of 39 and 852?
3
What is the highest common divisor of 9196 and 35816?
484
What is the greatest common factor of 32802 and 132?
66
Calculate the highest common divisor of 165 and 1031800.
55
Calculate the greatest common factor of 45 and 71964.
9
What is the greatest common factor of 1566 and 218370?
174
Calculate the highest common factor of 7605 and 85345.
845
Calculate the highest common factor of 15252 and 60.
12
What is the highest common fa